te the greatest common divisor of 34 and 122621.
17
What is the greatest common factor of 89583 and 429?
39
Calculate the highest common divisor of 408 and 125256.
408
What is the highest common divisor of 316 and 7385236?
316
Calculate the highest common divisor of 26520 and 595.
85
What is the greatest common divisor of 161019 and 9?
9
What is the highest common divisor of 22862 and 291242?
994
Calculate the highest common divisor of 6 and 164874.
6
What is the greatest common divisor of 1650 and 9735?
165
What is the greatest common factor of 390 and 66027?
39
What is the greatest common divisor of 750 and 60?
30
Calculate the highest common divisor of 74 and 29674.
74
Calculate the highest common divisor of 249732 and 7.
7
Calculate the greatest common divisor of 23 and 108011.
1
What is the highest common factor of 315 and 339?
3
What is the highest common divisor of 21396 and 4056?
12
What is the highest common factor of 319 and 51304?
11
What is the highest common divisor of 19130 and 370?
10
What is the greatest common factor of 7 and 242172?
7
What is the highest common factor of 1914 and 654918?
66
Calculate the highest common divisor of 310688 and 728.
56
Calculate the greatest common factor of 4785206 and 3858.
1286
Calculate the greatest common divisor of 1737501 and 43.
43
What is the greatest common factor of 243843 and 9?
3
What is the greatest common divisor of 164 and 20060?
4
What is the greatest common factor of 959338 and 1101?
367
What is the greatest common divisor of 432 and 1328?
16
Calculate the highest common factor of 127688 and 88.
88
What is the highest common factor of 747294 and 708?
354
What is the highest common divisor of 799 and 425?
17
What is the highest common factor of 1022 and 7938?
14
What is the highest common divisor of 3216 and 3417?
201
Calculate the greatest common factor of 1960 and 926800.
280
Calculate the highest common factor of 88281 and 81.
9
Calculate the highest common divisor of 17694 and 981.
9
Calculate the highest common divisor of 4 and 23252.
4
What is the greatest common factor of 2345 and 69680?
335
What is the highest common divisor of 1793 and 193?
1
What is the greatest common divisor of 3698478 and 591?
591
What is the greatest common divisor of 302 and 10685062?
302
What is the greatest common factor of 781180 and 30?
10
Calculate the greatest common divisor of 247 and 1053.
13
What is the highest common factor of 23643 and 327339?
333
What is the greatest common factor of 194 and 186434?
194
What is the greatest common factor of 756 and 9774?
54
What is the highest common divisor of 8613 and 8845?
29
Calculate the greatest common factor of 596834 and 979.
89
What is the greatest common divisor of 47420 and 1280?
20
Calculate the greatest common factor of 411482 and 5089.
727
Calculate the greatest common factor of 60 and 558864.
12
What is the greatest common factor of 1290 and 271158?
258
Calculate the highest common divisor of 5898337 and 51.
17
Calculate the highest common factor of 54 and 3973536.
54
What is the greatest common factor of 283 and 706651?
283
Calculate the highest common divisor of 1056708 and 468.
36
Calculate the greatest common divisor of 99 and 19041.
33
Calculate the highest common factor of 5302 and 4158.
22
What is the highest common divisor of 6623 and 111?
37
What is the highest common divisor of 56 and 31885?
7
Calculate the greatest common factor of 5842 and 1334.
46
What is the greatest common divisor of 904 and 4525424?
904
Calculate the highest common factor of 104234 and 33098.
494
What is the highest common factor of 45 and 63072?
9
What is the highest common divisor of 3 and 2663?
1
Calculate the greatest common divisor of 66 and 1214565.
33
What is the greatest common divisor of 20 and 145660?
20
Calculate the highest common divisor of 2177 and 329.
7
Calculate the highest common factor of 18 and 2550.
6
Calculate the highest common divisor of 227271 and 426.
213
Calculate the highest common divisor of 627525 and 350.
25
What is the highest common factor of 5 and 3?
1
What is the greatest common divisor of 75 and 239?
1
Calculate the highest common divisor of 60 and 908310.
30
What is the greatest common factor of 6532 and 29900?
92
Calculate the highest common factor of 66758 and 4582.
58
Calculate the highest common divisor of 27 and 264.
3
Calculate the greatest common factor of 335 and 49312.
67
What is the highest common factor of 2212215 and 120?
15
What is the highest common divisor of 5 and 18215?
5
Calculate the greatest common divisor of 2561 and 4459.
13
What is the highest common factor of 616201 and 101?
101
Calculate the highest common factor of 10189 and 111193.
443
What is the highest common factor of 434406 and 966?
42
Calculate the highest common divisor of 1850193 and 9.
9
Calculate the highest common factor of 243 and 9531.
27
Calculate the highest common factor of 152199 and 162.
81
Calculate the greatest common factor of 433 and 889815.
433
What is the highest common divisor of 27166 and 9248?
578
Calculate the greatest common divisor of 185566 and 246.
82
What is the greatest common factor of 798 and 16842?
42
Calculate the highest common factor of 1625 and 543920.
65
What is the greatest common factor of 286 and 209?
11
Calculate the highest common factor of 521810 and 10.
10
What is the greatest common factor of 12322 and 1818?
202
What is the greatest common factor of 1076131 and 7?
7
What is the highest common divisor of 6680 and 64462?
334
Calculate the highest common divisor of 26 and 1886326.
26
What is the greatest common factor of 23556 and 8?
4
Calculate the greatest common divisor of 1148 and 45059.
287
Calculate the greatest common divisor of 1652 and 6266036.
1652
What is the greatest common divisor of 258365 and 5?
5
Calculate the greatest common factor of 320573 and 453.
151
What is the greatest common divisor of 28536 and 261?
87
What is the greatest common factor of 1418512 and 64?
16
Calculate the highest common divisor of 1152 and 53484.
12
Calculate the highest common factor of 3400 and 215.
5
Calculate the greatest common factor of 14846 and 442.
26
What is the highest common divisor of 276 and 97635?
69
What is the highest common factor of 20 and 125108?
4
What is the highest common factor of 4668 and 268?
4
What is the greatest common factor of 1313231 and 23?
23
Calculate the greatest common factor of 790 and 7026260.
790
What is the highest common divisor of 320 and 49360?
80
Calculate the highest common factor of 880 and 440.
440
Calculate the greatest common divisor of 12856 and 64.
8
Calculate the greatest common divisor of 56736 and 216.
72
What is the highest common factor of 249608 and 984?
328
Calculate the greatest common factor of 933476 and 436.
436
What is the highest common divisor of 220 and 285590?
10
Calculate the highest common divisor of 30 and 683955.
15
What is the highest common divisor of 157443 and 429?
429
What is the highest common divisor of 5031 and 63?
9
What is the highest common factor of 2652 and 3264?
204
What is the greatest common divisor of 14283 and 27?
27
Calculate the highest common factor of 46 and 116794.
46
Calculate the highest common factor of 6455 and 5.
5
What is the greatest common factor of 11781055 and 110?
55
What is the highest common factor of 192773 and 14?
7
Calculate the greatest common divisor of 372 and 37668.
12
Calculate the greatest common divisor of 13380 and 12270.
30
What is the highest common divisor of 1368 and 63?
9
What is the highest common divisor of 77136 and 9?
3
What is the highest common divisor of 3885 and 357?
21
Calculate the greatest common divisor of 86 and 1246054.
86
Calculate the highest common divisor of 60604 and 4796.
436
Calculate the greatest common divisor of 2324 and 199283.
581
Calculate the highest common factor of 774 and 972.
18
Calculate the highest common divisor of 30411 and 837.
279
What is the greatest common divisor of 595 and 298333?
119
Calculate the greatest common divisor of 109604 and 17490.
1166
Calculate the highest common divisor of 22 and 282337.
11
Calculate the greatest common divisor of 164 and 8638.
2
Calculate the highest common divisor of 1334676 and 3.
3
What is the greatest c